{"id":11826,"date":"2022-11-24T08:58:41","date_gmt":"2022-11-24T08:58:41","guid":{"rendered":"https:\/\/coterena.es\/shop\/?page_id=11826"},"modified":"2023-04-14T05:21:16","modified_gmt":"2023-04-14T05:21:16","slug":"novedades-y-repuestos","status":"publish","type":"page","link":"https:\/\/coterena.es\/shop\/novedades-y-repuestos\/","title":{"rendered":"Novedades"},"content":{"rendered":"\t\t<div data-elementor-type=\"wp-page\" data-elementor-id=\"11826\" class=\"elementor elementor-11826\" data-elementor-post-type=\"page\">\n\t\t\t\t\t\t\t\t\t<section class=\"ob-is-breaking-bad elementor-section elementor-top-section elementor-element elementor-element-c8b03a3 elementor-section-boxed elementor-section-height-default elementor-section-height-default\" data-id=\"c8b03a3\" data-element_type=\"section\" data-settings=\"{&quot;_ob_bbad_use_it&quot;:&quot;yes&quot;,&quot;_ob_bbad_sssic_use&quot;:&quot;no&quot;,&quot;_ob_glider_is_slider&quot;:&quot;no&quot;}\">\n\t\t\t\t\t\t<div class=\"elementor-container elementor-column-gap-default\">\n\t\t\t\t\t<div class=\"elementor-column elementor-col-100 elementor-top-column elementor-element elementor-element-5a46c0e\" data-id=\"5a46c0e\" data-element_type=\"column\" data-settings=\"{&quot;_ob_bbad_is_stalker&quot;:&quot;no&quot;,&quot;_ob_teleporter_use&quot;:false,&quot;_ob_column_hoveranimator&quot;:&quot;no&quot;,&quot;_ob_column_has_pseudo&quot;:&quot;no&quot;}\">\n\t\t\t<div class=\"elementor-widget-wrap elementor-element-populated\">\n\t\t\t\t\t\t\t\t<div class=\"elementor-element elementor-element-2f1d124 ob-harakiri-inherit ob-has-background-overlay elementor-widget elementor-widget-heading\" data-id=\"2f1d124\" data-element_type=\"widget\" data-settings=\"{&quot;_ob_use_harakiri&quot;:&quot;yes&quot;,&quot;_ob_harakiri_writing_mode&quot;:&quot;inherit&quot;,&quot;_ob_harakiri_text_clip&quot;:&quot;none&quot;,&quot;_ob_perspektive_use&quot;:&quot;no&quot;,&quot;_ob_poopart_use&quot;:&quot;yes&quot;,&quot;_ob_shadough_use&quot;:&quot;no&quot;,&quot;_ob_allow_hoveranimator&quot;:&quot;no&quot;,&quot;_ob_widget_stalker_use&quot;:&quot;no&quot;}\" data-widget_type=\"heading.default\">\n\t\t\t\t<div class=\"elementor-widget-container\">\n\t\t\t<style>\/*! elementor - v3.17.0 - 08-11-2023 *\/\n.elementor-heading-title{padding:0;margin:0;line-height:1}.elementor-widget-heading .elementor-heading-title[class*=elementor-size-]>a{color:inherit;font-size:inherit;line-height:inherit}.elementor-widget-heading .elementor-heading-title.elementor-size-small{font-size:15px}.elementor-widget-heading .elementor-heading-title.elementor-size-medium{font-size:19px}.elementor-widget-heading .elementor-heading-title.elementor-size-large{font-size:29px}.elementor-widget-heading .elementor-heading-title.elementor-size-xl{font-size:39px}.elementor-widget-heading .elementor-heading-title.elementor-size-xxl{font-size:59px}<\/style><h2 class=\"elementor-heading-title elementor-size-default\">novedades en productos y repuestos<\/h2>\t\t<\/div>\n\t\t\t\t<\/div>\n\t\t\t\t<div class=\"elementor-element elementor-element-023b5b7 premium-woo-product-align-center ob-has-background-overlay elementor-widget elementor-widget-premium-woo-products\" data-id=\"023b5b7\" data-element_type=\"widget\" data-settings=\"{&quot;_ob_perspektive_use&quot;:&quot;no&quot;,&quot;_ob_poopart_use&quot;:&quot;yes&quot;,&quot;_ob_shadough_use&quot;:&quot;no&quot;,&quot;_ob_allow_hoveranimator&quot;:&quot;no&quot;,&quot;_ob_widget_stalker_use&quot;:&quot;no&quot;}\" data-widget_type=\"premium-woo-products.grid-1\">\n\t\t\t\t<div class=\"elementor-widget-container\">\n\t\t\t<div class=\"premium-woocommerce premium-woo-products-grid premium-woo-skin-grid-1 premium-woo-query-all\" data-page-id=\"11826\" data-skin=\"grid_1\" data-quick-view=\"\"><div class=\"premium-woo-products-inner premium-woo-product__hover-swap\"><ul class=\"products columns-4\">\n\r\n<li class=\" post-17177 product first instock shipping-taxable product-type-simple\">\r\n\t<div class=\"premium-woo-product-wrapper\">\r\n\t\t<div class=\"premium-woo-product-thumbnail\"><a href=\"https:\/\/coterena.es\/shop\/mangon-de-helice-de-paso-variable-kamewa\/\" class=\"woocommerce-LoopProduct-link woocommerce-loop-product__link\"><img decoding=\"async\" src=\"https:\/\/coterena.es\/shop\/wp-content\/uploads\/2024\/02\/mango2-1.png\" alt=\"Mang\u00f3n h\u00e9lice de paso variable Kamewa\" title=\"\"><img decoding=\"async\" loading=\"lazy\" width=\"800\" height=\"800\" src=\"https:\/\/coterena.es\/shop\/wp-content\/uploads\/2024\/02\/mangon3-1.png\" class=\"premium-woo-product__on_hover\" alt=\"\" title=\"\"><\/a><\/div><div class=\"premium-woo-products-details-wrap\"><a href=\"https:\/\/coterena.es\/shop\/mangon-de-helice-de-paso-variable-kamewa\/\" class=\"premium-woo-product__link\"><h2 class=\"woocommerce-loop-product__title\">Mang\u00f3n de helice de paso variable KAMEWA<\/h2><\/a><\/div>\t<\/div>\r\n<\/li>\r\n\r\n<li class=\" post-17117 product  instock shipping-taxable product-type-simple\">\r\n\t<div class=\"premium-woo-product-wrapper\">\r\n\t\t<div class=\"premium-woo-product-thumbnail\"><a href=\"https:\/\/coterena.es\/shop\/distribui-de-paso-variable-kamewa-usado\/\" class=\"woocommerce-LoopProduct-link woocommerce-loop-product__link\"><img decoding=\"async\" src=\"https:\/\/coterena.es\/shop\/wp-content\/uploads\/2024\/02\/DISTRIUBUIDOR-KAMVA2-1.png\" alt=\"Distribuidor de paso variable Kamewa\" title=\"\"><img decoding=\"async\" loading=\"lazy\" width=\"800\" height=\"800\" src=\"https:\/\/coterena.es\/shop\/wp-content\/uploads\/2024\/02\/DISTRIUBUIDOR-KAMVA1-1.png\" class=\"premium-woo-product__on_hover\" alt=\"\" title=\"\"><\/a><\/div><div class=\"premium-woo-products-details-wrap\"><a href=\"https:\/\/coterena.es\/shop\/distribui-de-paso-variable-kamewa-usado\/\" class=\"premium-woo-product__link\"><h2 class=\"woocommerce-loop-product__title\">Distribuidor de paso variable Kamewa<\/h2><\/a><\/div>\t<\/div>\r\n<\/li>\r\n\r\n<li class=\" post-17091 product  instock shipping-taxable product-type-simple\">\r\n\t<div class=\"premium-woo-product-wrapper\">\r\n\t\t<div class=\"premium-woo-product-thumbnail\"><a href=\"https:\/\/coterena.es\/shop\/compresor-de-aire-abc-va-70\/\" class=\"woocommerce-LoopProduct-link woocommerce-loop-product__link\"><img decoding=\"async\" src=\"https:\/\/coterena.es\/shop\/wp-content\/uploads\/2024\/02\/compr2-1.png\" alt=\"Compresor de aire ABC VA-70\" title=\"\"><img decoding=\"async\" loading=\"lazy\" width=\"800\" height=\"800\" src=\"https:\/\/coterena.es\/shop\/wp-content\/uploads\/2024\/02\/compr4-1.png\" class=\"premium-woo-product__on_hover\" alt=\"\" title=\"\"><\/a><\/div><div class=\"premium-woo-products-details-wrap\"><a href=\"https:\/\/coterena.es\/shop\/compresor-de-aire-abc-va-70\/\" class=\"premium-woo-product__link\"><h2 class=\"woocommerce-loop-product__title\">Compresor de aire ABC VA-70<\/h2><\/a><\/div>\t<\/div>\r\n<\/li>\r\n\r\n<li class=\" post-17081 product last instock shipping-taxable product-type-simple\">\r\n\t<div class=\"premium-woo-product-wrapper\">\r\n\t\t<div class=\"premium-woo-product-thumbnail\"><a href=\"https:\/\/coterena.es\/shop\/bomba-de-agua-de-camisas-caterpillar-2w-8001\/\" class=\"woocommerce-LoopProduct-link woocommerce-loop-product__link\"><img decoding=\"async\" src=\"https:\/\/coterena.es\/shop\/wp-content\/uploads\/2024\/02\/4.bomb3_.png\" alt=\"Bomba de agua de camisas Caterpillar 2W-8001\" title=\"\"><img decoding=\"async\" loading=\"lazy\" width=\"800\" height=\"800\" src=\"https:\/\/coterena.es\/shop\/wp-content\/uploads\/2024\/02\/bomb2-2.png\" class=\"premium-woo-product__on_hover\" alt=\"\" title=\"\"><\/a><\/div><div class=\"premium-woo-products-details-wrap\"><a href=\"https:\/\/coterena.es\/shop\/bomba-de-agua-de-camisas-caterpillar-2w-8001\/\" class=\"premium-woo-product__link\"><h2 class=\"woocommerce-loop-product__title\">Bomba de agua de camisas Caterpillar 2W-8001<\/h2><\/a><\/div>\t<\/div>\r\n<\/li>\r\n\r\n<li class=\" post-16919 product first instock shipping-taxable product-type-simple\">\r\n\t<div class=\"premium-woo-product-wrapper\">\r\n\t\t<div class=\"premium-woo-product-thumbnail\"><a href=\"https:\/\/coterena.es\/shop\/bielle-caterpillar-161-2500\/\" class=\"woocommerce-LoopProduct-link woocommerce-loop-product__link\"><img decoding=\"async\" src=\"https:\/\/coterena.es\/shop\/wp-content\/uploads\/2023\/08\/1-6.jpg\" alt=\"\" title=\"\"><img decoding=\"async\" loading=\"lazy\" width=\"800\" height=\"800\" src=\"https:\/\/coterena.es\/shop\/wp-content\/uploads\/2023\/08\/1-6.jpg\" class=\"premium-woo-product__on_hover\" alt=\"\" title=\"\"><\/a><\/div><div class=\"premium-woo-products-details-wrap\"><a href=\"https:\/\/coterena.es\/shop\/bielle-caterpillar-161-2500\/\" class=\"premium-woo-product__link\"><h2 class=\"woocommerce-loop-product__title\">Bielle Caterpillar 161-2500<\/h2><\/a><\/div>\t<\/div>\r\n<\/li>\r\n\r\n<li class=\" post-16918 product  instock shipping-taxable product-type-simple\">\r\n\t<div class=\"premium-woo-product-wrapper\">\r\n\t\t<div class=\"premium-woo-product-thumbnail\"><a href=\"https:\/\/coterena.es\/shop\/connecting-rod-caterpillar-161-2500\/\" class=\"woocommerce-LoopProduct-link woocommerce-loop-product__link\"><img decoding=\"async\" src=\"https:\/\/coterena.es\/shop\/wp-content\/uploads\/2023\/08\/1-6.jpg\" alt=\"\" title=\"\"><img decoding=\"async\" loading=\"lazy\" width=\"800\" height=\"800\" src=\"https:\/\/coterena.es\/shop\/wp-content\/uploads\/2023\/08\/1-6.jpg\" class=\"premium-woo-product__on_hover\" alt=\"\" title=\"\"><\/a><\/div><div class=\"premium-woo-products-details-wrap\"><a href=\"https:\/\/coterena.es\/shop\/connecting-rod-caterpillar-161-2500\/\" class=\"premium-woo-product__link\"><h2 class=\"woocommerce-loop-product__title\">Connecting Rod Caterpillar 161-2500<\/h2><\/a><\/div>\t<\/div>\r\n<\/li>\r\n\r\n<li class=\" post-16904 product  instock shipping-taxable product-type-simple\">\r\n\t<div class=\"premium-woo-product-wrapper\">\r\n\t\t<div class=\"premium-woo-product-thumbnail\"><a href=\"https:\/\/coterena.es\/shop\/biela-caterpillar-161-2500-reacondicionada\/\" class=\"woocommerce-LoopProduct-link woocommerce-loop-product__link\"><img decoding=\"async\" src=\"https:\/\/coterena.es\/shop\/wp-content\/uploads\/2023\/08\/1-6.jpg\" alt=\"Biela Caterpillar 161-2500\" title=\"\"><img decoding=\"async\" loading=\"lazy\" width=\"800\" height=\"800\" src=\"https:\/\/coterena.es\/shop\/wp-content\/uploads\/2023\/08\/1-6.jpg\" class=\"premium-woo-product__on_hover\" alt=\"Biela Caterpillar 161-2500\" title=\"\"><\/a><\/div><div class=\"premium-woo-products-details-wrap\"><a href=\"https:\/\/coterena.es\/shop\/biela-caterpillar-161-2500-reacondicionada\/\" class=\"premium-woo-product__link\"><h2 class=\"woocommerce-loop-product__title\">Biela Caterpillar 161-2500<\/h2><\/a><\/div>\t<\/div>\r\n<\/li>\r\n\r\n<li class=\" post-16923 product last instock shipping-taxable product-type-simple\">\r\n\t<div class=\"premium-woo-product-wrapper\">\r\n\t\t<div class=\"premium-woo-product-thumbnail\"><a href=\"https:\/\/coterena.es\/shop\/boitier-de-thermostat-basse-temperature-caterpillar-7e-4711\/\" class=\"woocommerce-LoopProduct-link woocommerce-loop-product__link\"><img decoding=\"async\" src=\"https:\/\/coterena.es\/shop\/wp-content\/uploads\/2023\/08\/3-5.jpg\" alt=\"\" title=\"\"><img decoding=\"async\" loading=\"lazy\" width=\"800\" height=\"800\" src=\"https:\/\/coterena.es\/shop\/wp-content\/uploads\/2023\/08\/1-5.jpg\" class=\"premium-woo-product__on_hover\" alt=\"\" title=\"\"><\/a><\/div><div class=\"premium-woo-products-details-wrap\"><a href=\"https:\/\/coterena.es\/shop\/boitier-de-thermostat-basse-temperature-caterpillar-7e-4711\/\" class=\"premium-woo-product__link\"><h2 class=\"woocommerce-loop-product__title\">B\u00f4tier de thermostat basse temp\u00e9rature Caterpillar 7E-4711<\/h2><\/a><\/div>\t<\/div>\r\n<\/li>\r\n\r\n<li class=\" post-16922 product first instock shipping-taxable product-type-simple\">\r\n\t<div class=\"premium-woo-product-wrapper\">\r\n\t\t<div class=\"premium-woo-product-thumbnail\"><a href=\"https:\/\/coterena.es\/shop\/thermostat-housing-low-temperature-caterpillar-7e-4711\/\" class=\"woocommerce-LoopProduct-link woocommerce-loop-product__link\"><img decoding=\"async\" src=\"https:\/\/coterena.es\/shop\/wp-content\/uploads\/2023\/08\/3-5.jpg\" alt=\"\" title=\"\"><img decoding=\"async\" loading=\"lazy\" width=\"800\" height=\"800\" src=\"https:\/\/coterena.es\/shop\/wp-content\/uploads\/2023\/08\/1-5.jpg\" class=\"premium-woo-product__on_hover\" alt=\"\" title=\"\"><\/a><\/div><div class=\"premium-woo-products-details-wrap\"><a href=\"https:\/\/coterena.es\/shop\/thermostat-housing-low-temperature-caterpillar-7e-4711\/\" class=\"premium-woo-product__link\"><h2 class=\"woocommerce-loop-product__title\">Thermostat housing low temperature Caterpillar 7E-4711<\/h2><\/a><\/div>\t<\/div>\r\n<\/li>\r\n\r\n<li class=\" post-16891 product  instock shipping-taxable product-type-simple\">\r\n\t<div class=\"premium-woo-product-wrapper\">\r\n\t\t<div class=\"premium-woo-product-thumbnail\"><a href=\"https:\/\/coterena.es\/shop\/carcasa-de-termostatos-de-baja-temperatura-caterpillar\/\" class=\"woocommerce-LoopProduct-link woocommerce-loop-product__link\"><img decoding=\"async\" src=\"https:\/\/coterena.es\/shop\/wp-content\/uploads\/2023\/08\/3-5.jpg\" alt=\"Carcasa de termostatos caterpillar 7E-4711\" title=\"\"><img decoding=\"async\" loading=\"lazy\" width=\"800\" height=\"800\" src=\"https:\/\/coterena.es\/shop\/wp-content\/uploads\/2023\/08\/1-5.jpg\" class=\"premium-woo-product__on_hover\" alt=\"Carcasa de termostatos caterpillar 7E-4711\" title=\"\"><\/a><\/div><div class=\"premium-woo-products-details-wrap\"><a href=\"https:\/\/coterena.es\/shop\/carcasa-de-termostatos-de-baja-temperatura-caterpillar\/\" class=\"premium-woo-product__link\"><h2 class=\"woocommerce-loop-product__title\">Carcasa de termostatos de baja temperatura Caterpillar 7E-4711<\/h2><\/a><\/div>\t<\/div>\r\n<\/li>\r\n\r\n<li class=\" post-16925 product  instock shipping-taxable product-type-simple\">\r\n\t<div class=\"premium-woo-product-wrapper\">\r\n\t\t<div class=\"premium-woo-product-thumbnail\"><a href=\"https:\/\/coterena.es\/shop\/groupe-de-filtres-a-huile-duplex-caterpillar-120-4501\/\" class=\"woocommerce-LoopProduct-link woocommerce-loop-product__link\"><img decoding=\"async\" src=\"https:\/\/coterena.es\/shop\/wp-content\/uploads\/2023\/08\/1-4.jpg\" alt=\"\" title=\"\"><img decoding=\"async\" loading=\"lazy\" width=\"800\" height=\"800\" src=\"https:\/\/coterena.es\/shop\/wp-content\/uploads\/2023\/08\/1-4.jpg\" class=\"premium-woo-product__on_hover\" alt=\"\" title=\"\"><\/a><\/div><div class=\"premium-woo-products-details-wrap\"><a href=\"https:\/\/coterena.es\/shop\/groupe-de-filtres-a-huile-duplex-caterpillar-120-4501\/\" class=\"premium-woo-product__link\"><h2 class=\"woocommerce-loop-product__title\">Groupe de filtres \u00e0 huile duplex Caterpillar 120-4501<\/h2><\/a><\/div>\t<\/div>\r\n<\/li>\r\n\r\n<li class=\" post-16924 product last instock shipping-taxable product-type-simple\">\r\n\t<div class=\"premium-woo-product-wrapper\">\r\n\t\t<div class=\"premium-woo-product-thumbnail\"><a href=\"https:\/\/coterena.es\/shop\/duplex-oil-filter-group-caterpillar-120-4501\/\" class=\"woocommerce-LoopProduct-link woocommerce-loop-product__link\"><img decoding=\"async\" src=\"https:\/\/coterena.es\/shop\/wp-content\/uploads\/2023\/08\/1-4.jpg\" alt=\"\" title=\"\"><img decoding=\"async\" loading=\"lazy\" width=\"800\" height=\"800\" src=\"https:\/\/coterena.es\/shop\/wp-content\/uploads\/2023\/08\/1-4.jpg\" class=\"premium-woo-product__on_hover\" alt=\"\" title=\"\"><\/a><\/div><div class=\"premium-woo-products-details-wrap\"><a href=\"https:\/\/coterena.es\/shop\/duplex-oil-filter-group-caterpillar-120-4501\/\" class=\"premium-woo-product__link\"><h2 class=\"woocommerce-loop-product__title\">Duplex oil filter group Caterpillar 120-4501<\/h2><\/a><\/div>\t<\/div>\r\n<\/li>\r\n<\/ul>\n\t\t\t<div class=\"premium-woo-load-more\">\r\n\t\t\t\t<button class=\"premium-woo-load-more-btn\" data-products=\"978\" data-order=\"date ID\" data-tax=\"\">\r\n\t\t\t\t\t<span>Cargar m\u00e1s<\/span>\r\n\t\t\t\t\t<span class=\"premium-woo-products-num\">(978)<\/span>\r\n\t\t\t\t<\/button>\r\n\t\t\t<\/div>\r\n\t\t<\/div><\/div>\t\t<\/div>\n\t\t\t\t<\/div>\n\t\t\t\t<section class=\"ob-is-breaking-bad ob-bb-inner elementor-section elementor-inner-section elementor-element elementor-element-612db45 elementor-section-full_width elementor-section-height-default elementor-section-height-default\" data-id=\"612db45\" data-element_type=\"section\" data-settings=\"{&quot;_ob_bbad_use_it&quot;:&quot;yes&quot;,&quot;_ob_bbad_sssic_use&quot;:&quot;no&quot;,&quot;_ob_glider_is_slider&quot;:&quot;no&quot;}\">\n\t\t\t\t\t\t<div class=\"elementor-container elementor-column-gap-default\">\n\t\t\t\t\t<div class=\"elementor-column elementor-col-50 elementor-inner-column elementor-element elementor-element-856cc98\" data-id=\"856cc98\" data-element_type=\"column\" data-settings=\"{&quot;_ob_bbad_is_stalker&quot;:&quot;no&quot;,&quot;_ob_teleporter_use&quot;:false,&quot;_ob_column_hoveranimator&quot;:&quot;no&quot;,&quot;_ob_column_has_pseudo&quot;:&quot;no&quot;}\">\n\t\t\t<div class=\"elementor-widget-wrap elementor-element-populated\">\n\t\t\t\t\t\t\t\t<div class=\"elementor-element elementor-element-9dc334f elementor-cta--skin-cover elementor-cta--valign-middle elementor-animated-content ob-has-background-overlay elementor-widget elementor-widget-call-to-action\" data-id=\"9dc334f\" data-element_type=\"widget\" data-settings=\"{&quot;_ob_perspektive_use&quot;:&quot;no&quot;,&quot;_ob_poopart_use&quot;:&quot;yes&quot;,&quot;_ob_shadough_use&quot;:&quot;no&quot;,&quot;_ob_allow_hoveranimator&quot;:&quot;no&quot;,&quot;_ob_widget_stalker_use&quot;:&quot;no&quot;}\" data-widget_type=\"call-to-action.default\">\n\t\t\t\t<div class=\"elementor-widget-container\">\n\t\t\t<link rel=\"stylesheet\" href=\"https:\/\/coterena.es\/shop\/wp-content\/plugins\/elementor-pro\/assets\/css\/widget-call-to-action.min.css\">\t\t<a class=\"elementor-cta\" href=\"https:\/\/coterena.es\/shop\/solicitud-de-repuestos\/\">\n\t\t\t\t\t<div class=\"elementor-cta__bg-wrapper\">\n\t\t\t\t<div class=\"elementor-cta__bg elementor-bg\" style=\"background-image: url(https:\/\/coterena.es\/shop\/wp-content\/uploads\/2022\/12\/DSC0261-1024x680.jpg);\" role=\"img\" aria-label=\"Coterena Shop - Piezas de Repuesto y Reacondicionado\"><\/div>\n\t\t\t\t<div class=\"elementor-cta__bg-overlay\"><\/div>\n\t\t\t<\/div>\n\t\t\t\t\t\t\t<div class=\"elementor-cta__content\">\n\t\t\t\t\n\t\t\t\t\t\t\t\t\t<h2 class=\"elementor-cta__title elementor-cta__content-item elementor-content-item elementor-animated-item--grow\">\n\t\t\t\t\t\t\u00bfBuscas algo que no est\u00e1 en el cat\u00e1logo?\t\t\t\t\t<\/h2>\n\t\t\t\t\n\t\t\t\t\n\t\t\t\t\t\t\t\t\t<div class=\"elementor-cta__button-wrapper elementor-cta__content-item elementor-content-item elementor-animated-item--grow\">\n\t\t\t\t\t<span class=\"elementor-cta__button elementor-button elementor-size-sm\">\n\t\t\t\t\t\tHaz Click aqu\u00ed\t\t\t\t\t<\/span>\n\t\t\t\t\t<\/div>\n\t\t\t\t\t\t\t<\/div>\n\t\t\t\t\t\t\t<div class=\"elementor-ribbon elementor-ribbon-left\">\n\t\t\t\t<div class=\"elementor-ribbon-inner\">busqueda<\/div>\n\t\t\t<\/div>\n\t\t\t\t<\/a>\n\t\t\t\t<\/div>\n\t\t\t\t<\/div>\n\t\t\t\t\t<\/div>\n\t\t<\/div>\n\t\t\t\t<div class=\"elementor-column elementor-col-50 elementor-inner-column elementor-element elementor-element-074d803\" data-id=\"074d803\" data-element_type=\"column\" data-settings=\"{&quot;_ob_bbad_is_stalker&quot;:&quot;no&quot;,&quot;_ob_teleporter_use&quot;:false,&quot;_ob_column_hoveranimator&quot;:&quot;no&quot;,&quot;_ob_column_has_pseudo&quot;:&quot;no&quot;}\">\n\t\t\t<div class=\"elementor-widget-wrap elementor-element-populated\">\n\t\t\t\t\t\t\t\t<div class=\"elementor-element elementor-element-1e48e10 elementor-cta--skin-cover elementor-cta--valign-middle elementor-cta--sequenced-animation elementor-animated-content ob-has-background-overlay elementor-widget elementor-widget-call-to-action\" data-id=\"1e48e10\" data-element_type=\"widget\" data-settings=\"{&quot;_ob_perspektive_use&quot;:&quot;no&quot;,&quot;_ob_poopart_use&quot;:&quot;yes&quot;,&quot;_ob_shadough_use&quot;:&quot;no&quot;,&quot;_ob_allow_hoveranimator&quot;:&quot;no&quot;,&quot;_ob_widget_stalker_use&quot;:&quot;no&quot;}\" data-widget_type=\"call-to-action.default\">\n\t\t\t\t<div class=\"elementor-widget-container\">\n\t\t\t\t\t<a class=\"elementor-cta\" href=\"https:\/\/coterena.es\/shop\/en\/venta-equipo\/\">\n\t\t\t\t\t<div class=\"elementor-cta__bg-wrapper\">\n\t\t\t\t<div class=\"elementor-cta__bg elementor-bg\" style=\"background-image: url(https:\/\/coterena.es\/shop\/wp-content\/uploads\/2022\/12\/DSC0752-680x1024.jpg);\" role=\"img\" aria-label=\"_DSC0752\"><\/div>\n\t\t\t\t<div class=\"elementor-cta__bg-overlay\"><\/div>\n\t\t\t<\/div>\n\t\t\t\t\t\t\t<div class=\"elementor-cta__content\">\n\t\t\t\t\n\t\t\t\t\t\t\t\t\t<h2 class=\"elementor-cta__title elementor-cta__content-item elementor-content-item elementor-animated-item--grow\">\n\t\t\t\t\t\t\u00bfTienes equipo usado a la venta?\t\t\t\t\t<\/h2>\n\t\t\t\t\n\t\t\t\t\n\t\t\t\t\t\t\t\t\t<div class=\"elementor-cta__button-wrapper elementor-cta__content-item elementor-content-item elementor-animated-item--grow\">\n\t\t\t\t\t<span class=\"elementor-cta__button elementor-button elementor-size-sm\">\n\t\t\t\t\t\tHaz clic aqu\u00ed\t\t\t\t\t<\/span>\n\t\t\t\t\t<\/div>\n\t\t\t\t\t\t\t<\/div>\n\t\t\t\t\t\t\t<div class=\"elementor-ribbon elementor-ribbon-left\">\n\t\t\t\t<div class=\"elementor-ribbon-inner\">venta equipo<\/div>\n\t\t\t<\/div>\n\t\t\t\t<\/a>\n\t\t\t\t<\/div>\n\t\t\t\t<\/div>\n\t\t\t\t\t<\/div>\n\t\t<\/div>\n\t\t\t\t\t\t\t<\/div>\n\t\t<\/section>\n\t\t\t\t\t<\/div>\n\t\t<\/div>\n\t\t\t\t\t\t\t<\/div>\n\t\t<\/section>\n\t\t\t\t\t\t\t<\/div>\n\t\t","protected":false},"excerpt":{"rendered":"<p>novedades en productos y repuestos Indicateur des r\u00e9volutions de la propulsion W\u00c4RSTIL\u00c4 PROPULSION REVOLUTIONS INDICATOR W\u00c4RTSIL\u00c4 Indicador de revoluciones de propulsi\u00f3n W\u00c4RTSIL\u00c4 Torsi\u00f3metro COTV2 Coterena Kit Mayor Depuradora Alfa Laval MOPX 207 Eje Horizontal Depuradora Alfa Laval MAB 103 Kit de inspecci\u00f3n depuradora Alfa Laval P626 Kit mayor depuradora ALFA LAVAL MAB103 Corona helicoidal Alfa [&hellip;]<\/p>\n","protected":false},"author":3,"featured_media":0,"parent":0,"menu_order":0,"comment_status":"closed","ping_status":"closed","template":"","meta":{"footnotes":""},"acf":[],"lang":"es","translations":{"es":11826,"en":12725,"fr":12726},"pll_sync_post":[],"_links":{"self":[{"href":"https:\/\/coterena.es\/shop\/wp-json\/wp\/v2\/pages\/11826"}],"collection":[{"href":"https:\/\/coterena.es\/shop\/wp-json\/wp\/v2\/pages"}],"about":[{"href":"https:\/\/coterena.es\/shop\/wp-json\/wp\/v2\/types\/page"}],"author":[{"embeddable":true,"href":"https:\/\/coterena.es\/shop\/wp-json\/wp\/v2\/users\/3"}],"replies":[{"embeddable":true,"href":"https:\/\/coterena.es\/shop\/wp-json\/wp\/v2\/comments?post=11826"}],"version-history":[{"count":109,"href":"https:\/\/coterena.es\/shop\/wp-json\/wp\/v2\/pages\/11826\/revisions"}],"predecessor-version":[{"id":15433,"href":"https:\/\/coterena.es\/shop\/wp-json\/wp\/v2\/pages\/11826\/revisions\/15433"}],"wp:attachment":[{"href":"https:\/\/coterena.es\/shop\/wp-json\/wp\/v2\/media?parent=11826"}],"curies":[{"name":"wp","href":"https:\/\/api.w.org\/{rel}","templated":true}]}}