{"id":10297,"date":"2022-05-12T05:54:33","date_gmt":"2022-05-12T05:54:33","guid":{"rendered":"https:\/\/coterena.es\/shop\/?post_type=product&#038;p=5835"},"modified":"2023-04-11T08:02:27","modified_gmt":"2023-04-11T08:02:27","slug":"pompe-deau-salee-caterpillar","status":"publish","type":"product","link":"https:\/\/coterena.es\/shop\/pompe-deau-salee-caterpillar\/","title":{"rendered":"Pompe d\u00b4eau sal\u00e9e Caterpillar 0R-7721"},"content":{"rendered":"<p>Pompe \u00e0 eau sal\u00e9e CATERPILLAR 0R-7721. Reconditionn\u00e9e.<\/p>\n<p>Compatible avec les moteurs Caterpillar 3412, 3508 et 3512.<\/p>\n<p>Num\u00e9ro de la pi\u00e8ce : 0R-7721<\/p>\n<p>&nbsp;<\/p>\n","protected":false},"excerpt":{"rendered":"<p>Pompe \u00e0 eau sal\u00e9e CATERPILLAR 0R-7721. Reconditionn\u00e9e. Compatible avec les moteurs Caterpillar 3412, 3508 et 3512. Num\u00e9ro de la pi\u00e8ce : 0R-7721 &nbsp;<\/p>\n","protected":false},"featured_media":10298,"template":"","meta":[],"product_cat":[6965,6273],"product_tag":[],"modelo":[],"acf":[],"lang":"fr","translations":{"fr":10297,"es":5835,"en":10294},"pll_sync_post":[],"_links":{"self":[{"href":"https:\/\/coterena.es\/shop\/wp-json\/wp\/v2\/product\/10297"}],"collection":[{"href":"https:\/\/coterena.es\/shop\/wp-json\/wp\/v2\/product"}],"about":[{"href":"https:\/\/coterena.es\/shop\/wp-json\/wp\/v2\/types\/product"}],"wp:featuredmedia":[{"embeddable":true,"href":"https:\/\/coterena.es\/shop\/wp-json\/wp\/v2\/media\/10298"}],"wp:attachment":[{"href":"https:\/\/coterena.es\/shop\/wp-json\/wp\/v2\/media?parent=10297"}],"wp:term":[{"taxonomy":"product_cat","embeddable":true,"href":"https:\/\/coterena.es\/shop\/wp-json\/wp\/v2\/product_cat?post=10297"},{"taxonomy":"product_tag","embeddable":true,"href":"https:\/\/coterena.es\/shop\/wp-json\/wp\/v2\/product_tag?post=10297"},{"taxonomy":"modelo","embeddable":true,"href":"https:\/\/coterena.es\/shop\/wp-json\/wp\/v2\/modelo?post=10297"}],"curies":[{"name":"wp","href":"https:\/\/api.w.org\/{rel}","templated":true}]}}