{"id":10434,"date":"2022-05-10T07:30:27","date_gmt":"2022-05-10T07:30:27","guid":{"rendered":"https:\/\/coterena.es\/shop\/?post_type=product&#038;p=5768"},"modified":"2023-04-13T08:20:06","modified_gmt":"2023-04-13T08:20:06","slug":"piston-pielstick-pc-2-5-l-2","status":"publish","type":"product","link":"https:\/\/coterena.es\/shop\/piston-pielstick-pc-2-5-l-2\/","title":{"rendered":"Piston Pielstick PC-2-5-L"},"content":{"rendered":"<p>Moteur \u00e0 piston PIELSTICK PC-2-5-L. Nouveau<\/p>\n<p>Mod\u00e8le : PC-2-5-L<\/p>\n<p>Num\u00e9ro de pi\u00e8ce: 59530590<\/p>\n","protected":false},"excerpt":{"rendered":"<p>Moteur \u00e0 piston PIELSTICK PC-2-5-L. Nouveau Mod\u00e8le : PC-2-5-L Num\u00e9ro de pi\u00e8ce: 59530590<\/p>\n","protected":false},"featured_media":10435,"template":"","meta":[],"product_cat":[6273,7005],"product_tag":[],"modelo":[],"acf":[],"lang":"fr","translations":{"fr":10434,"es":5768,"en":10428},"pll_sync_post":[],"_links":{"self":[{"href":"https:\/\/coterena.es\/shop\/wp-json\/wp\/v2\/product\/10434"}],"collection":[{"href":"https:\/\/coterena.es\/shop\/wp-json\/wp\/v2\/product"}],"about":[{"href":"https:\/\/coterena.es\/shop\/wp-json\/wp\/v2\/types\/product"}],"wp:featuredmedia":[{"embeddable":true,"href":"https:\/\/coterena.es\/shop\/wp-json\/wp\/v2\/media\/10435"}],"wp:attachment":[{"href":"https:\/\/coterena.es\/shop\/wp-json\/wp\/v2\/media?parent=10434"}],"wp:term":[{"taxonomy":"product_cat","embeddable":true,"href":"https:\/\/coterena.es\/shop\/wp-json\/wp\/v2\/product_cat?post=10434"},{"taxonomy":"product_tag","embeddable":true,"href":"https:\/\/coterena.es\/shop\/wp-json\/wp\/v2\/product_tag?post=10434"},{"taxonomy":"modelo","embeddable":true,"href":"https:\/\/coterena.es\/shop\/wp-json\/wp\/v2\/modelo?post=10434"}],"curies":[{"name":"wp","href":"https:\/\/api.w.org\/{rel}","templated":true}]}}