{"id":10985,"date":"2022-08-19T05:27:24","date_gmt":"2022-08-19T05:27:24","guid":{"rendered":"https:\/\/coterena.es\/shop\/?post_type=product&#038;p=10645"},"modified":"2023-04-11T06:02:54","modified_gmt":"2023-04-11T06:02:54","slug":"raccord-coude-caterpillar","status":"publish","type":"product","link":"https:\/\/coterena.es\/shop\/raccord-coude-caterpillar\/","title":{"rendered":"Raccord coude CATERPILLAR 165-4190"},"content":{"rendered":"<p>CATERPILLAR raccord coud\u00e9 165-4190. Nouveau<\/p>\n<p>Num\u00e9ro de pi\u00e8ce : 165-4190<\/p>\n","protected":false},"excerpt":{"rendered":"<p>CATERPILLAR raccord coud\u00e9 165-4190. Nouveau Num\u00e9ro de pi\u00e8ce : 165-4190<\/p>\n","protected":false},"featured_media":10648,"template":"","meta":[],"product_cat":[6989,6281],"product_tag":[],"modelo":[],"acf":[],"lang":"fr","translations":{"fr":10985,"es":10645,"en":10984},"pll_sync_post":[],"_links":{"self":[{"href":"https:\/\/coterena.es\/shop\/wp-json\/wp\/v2\/product\/10985"}],"collection":[{"href":"https:\/\/coterena.es\/shop\/wp-json\/wp\/v2\/product"}],"about":[{"href":"https:\/\/coterena.es\/shop\/wp-json\/wp\/v2\/types\/product"}],"wp:featuredmedia":[{"embeddable":true,"href":"https:\/\/coterena.es\/shop\/wp-json\/wp\/v2\/media\/10648"}],"wp:attachment":[{"href":"https:\/\/coterena.es\/shop\/wp-json\/wp\/v2\/media?parent=10985"}],"wp:term":[{"taxonomy":"product_cat","embeddable":true,"href":"https:\/\/coterena.es\/shop\/wp-json\/wp\/v2\/product_cat?post=10985"},{"taxonomy":"product_tag","embeddable":true,"href":"https:\/\/coterena.es\/shop\/wp-json\/wp\/v2\/product_tag?post=10985"},{"taxonomy":"modelo","embeddable":true,"href":"https:\/\/coterena.es\/shop\/wp-json\/wp\/v2\/modelo?post=10985"}],"curies":[{"name":"wp","href":"https:\/\/api.w.org\/{rel}","templated":true}]}}