{"id":11048,"date":"2022-08-23T06:38:18","date_gmt":"2022-08-23T06:38:18","guid":{"rendered":"https:\/\/coterena.es\/shop\/?post_type=product&#038;p=10933"},"modified":"2023-03-15T08:14:54","modified_gmt":"2023-03-15T08:14:54","slug":"boitier-de-la-pompe-reducteur-reitnjes-laf-842","status":"publish","type":"product","link":"https:\/\/coterena.es\/shop\/boitier-de-la-pompe-reducteur-reitnjes-laf-842\/","title":{"rendered":"Bo\u00eetier de la pompe + Pompe \u00e0 huile M\u00e9canique reducteur REITNJES LAF 842"},"content":{"rendered":"<p>Bo\u00eetier de la pompe (Position: E41) + Pompe \u00e0 huile M\u00e9canique (Position: E19) reducteur REITNJES LAF 842<\/p>\n<p>Pompe et bo\u00eetier sont de la marque KRACHT et mont\u00e9s sur un reducteur REITNJES. Les r\u00e9f\u00e9rences sont\u00a0 REITNJES.<\/p>\n<p>R\u00e9f\u00e9rence bo\u00eetier: 042021<\/p>\n<p>R\u00e9f\u00e9rence pompe: 083844<\/p>\n","protected":false},"excerpt":{"rendered":"<p>Bo\u00eetier de la pompe (Position: E41) + Pompe \u00e0 huile M\u00e9canique (Position: E19) reducteur REITNJES LAF 842 Pompe et bo\u00eetier sont de la marque KRACHT et mont\u00e9s sur un reducteur REITNJES. Les r\u00e9f\u00e9rences sont\u00a0 REITNJES. R\u00e9f\u00e9rence bo\u00eetier: 042021 R\u00e9f\u00e9rence pompe: 083844<\/p>\n","protected":false},"featured_media":10936,"template":"","meta":[],"product_cat":[7019,7017,6277],"product_tag":[],"modelo":[],"acf":[],"lang":"fr","translations":{"fr":11048,"es":10933,"en":11047},"pll_sync_post":[],"_links":{"self":[{"href":"https:\/\/coterena.es\/shop\/wp-json\/wp\/v2\/product\/11048"}],"collection":[{"href":"https:\/\/coterena.es\/shop\/wp-json\/wp\/v2\/product"}],"about":[{"href":"https:\/\/coterena.es\/shop\/wp-json\/wp\/v2\/types\/product"}],"wp:featuredmedia":[{"embeddable":true,"href":"https:\/\/coterena.es\/shop\/wp-json\/wp\/v2\/media\/10936"}],"wp:attachment":[{"href":"https:\/\/coterena.es\/shop\/wp-json\/wp\/v2\/media?parent=11048"}],"wp:term":[{"taxonomy":"product_cat","embeddable":true,"href":"https:\/\/coterena.es\/shop\/wp-json\/wp\/v2\/product_cat?post=11048"},{"taxonomy":"product_tag","embeddable":true,"href":"https:\/\/coterena.es\/shop\/wp-json\/wp\/v2\/product_tag?post=11048"},{"taxonomy":"modelo","embeddable":true,"href":"https:\/\/coterena.es\/shop\/wp-json\/wp\/v2\/modelo?post=11048"}],"curies":[{"name":"wp","href":"https:\/\/api.w.org\/{rel}","templated":true}]}}