{"id":14614,"date":"2023-04-10T08:49:24","date_gmt":"2023-04-10T08:49:24","guid":{"rendered":"https:\/\/coterena.es\/shop\/?post_type=product&#038;p=14614"},"modified":"2023-04-10T08:51:43","modified_gmt":"2023-04-10T08:51:43","slug":"indicateur-des-revolutions-de-la-propulsion-warstila-2","status":"publish","type":"product","link":"https:\/\/coterena.es\/shop\/indicateur-des-revolutions-de-la-propulsion-warstila-2\/","title":{"rendered":"Indicateur des r\u00e9volutions de la propulsion W\u00c4RSTIL\u00c4"},"content":{"rendered":"<p>Indicateur des r\u00e9volutions de la propulsion W\u00c4RSTIL\u00c4<\/p>\n<p>Num\u00e9ro d&#8217;article : 1911941<\/p>\n<p>Dimensions : 90X90mm<\/p>\n<p>Tension : 24V<\/p>\n","protected":false},"excerpt":{"rendered":"<p>Indicateur des r\u00e9volutions de la propulsion W\u00c4RSTIL\u00c4 Num\u00e9ro d&#8217;article : 1911941 Dimensions : 90X90mm Tension : 24V<\/p>\n","protected":false},"featured_media":14605,"template":"","meta":[],"product_cat":[6269],"product_tag":[],"modelo":[],"acf":[],"lang":"fr","translations":{"fr":14614,"en":14612,"es":14602},"pll_sync_post":[],"_links":{"self":[{"href":"https:\/\/coterena.es\/shop\/wp-json\/wp\/v2\/product\/14614"}],"collection":[{"href":"https:\/\/coterena.es\/shop\/wp-json\/wp\/v2\/product"}],"about":[{"href":"https:\/\/coterena.es\/shop\/wp-json\/wp\/v2\/types\/product"}],"wp:featuredmedia":[{"embeddable":true,"href":"https:\/\/coterena.es\/shop\/wp-json\/wp\/v2\/media\/14605"}],"wp:attachment":[{"href":"https:\/\/coterena.es\/shop\/wp-json\/wp\/v2\/media?parent=14614"}],"wp:term":[{"taxonomy":"product_cat","embeddable":true,"href":"https:\/\/coterena.es\/shop\/wp-json\/wp\/v2\/product_cat?post=14614"},{"taxonomy":"product_tag","embeddable":true,"href":"https:\/\/coterena.es\/shop\/wp-json\/wp\/v2\/product_tag?post=14614"},{"taxonomy":"modelo","embeddable":true,"href":"https:\/\/coterena.es\/shop\/wp-json\/wp\/v2\/modelo?post=14614"}],"curies":[{"name":"wp","href":"https:\/\/api.w.org\/{rel}","templated":true}]}}