{"id":16321,"date":"2023-05-03T10:42:20","date_gmt":"2023-05-03T10:42:20","guid":{"rendered":"https:\/\/coterena.es\/shop\/?post_type=product&#038;p=16321"},"modified":"2023-09-21T07:35:53","modified_gmt":"2023-09-21T07:35:53","slug":"pinon-de-reductora-guascor","status":"publish","type":"product","link":"https:\/\/coterena.es\/shop\/pinon-de-reductora-guascor\/","title":{"rendered":"Pi\u00f1\u00f3n de reductora Guascor"},"content":{"rendered":"<p>Pi\u00f1\u00f3n de Reductora Guascor de 26 dientes de. Reacondicionado<\/p>\n<p>Referencia: 20.10.033<\/p>\n","protected":false},"excerpt":{"rendered":"<p>Pi\u00f1\u00f3n de Reductora Guascor de 26 dientes de. Reacondicionado Referencia: 20.10.033<\/p>\n","protected":false},"featured_media":16322,"template":"","meta":[],"product_cat":[75,34],"product_tag":[],"modelo":[],"acf":[],"lang":"es","translations":{"es":16321,"en":16325,"fr":16326},"pll_sync_post":[],"_links":{"self":[{"href":"https:\/\/coterena.es\/shop\/wp-json\/wp\/v2\/product\/16321"}],"collection":[{"href":"https:\/\/coterena.es\/shop\/wp-json\/wp\/v2\/product"}],"about":[{"href":"https:\/\/coterena.es\/shop\/wp-json\/wp\/v2\/types\/product"}],"wp:featuredmedia":[{"embeddable":true,"href":"https:\/\/coterena.es\/shop\/wp-json\/wp\/v2\/media\/16322"}],"wp:attachment":[{"href":"https:\/\/coterena.es\/shop\/wp-json\/wp\/v2\/media?parent=16321"}],"wp:term":[{"taxonomy":"product_cat","embeddable":true,"href":"https:\/\/coterena.es\/shop\/wp-json\/wp\/v2\/product_cat?post=16321"},{"taxonomy":"product_tag","embeddable":true,"href":"https:\/\/coterena.es\/shop\/wp-json\/wp\/v2\/product_tag?post=16321"},{"taxonomy":"modelo","embeddable":true,"href":"https:\/\/coterena.es\/shop\/wp-json\/wp\/v2\/modelo?post=16321"}],"curies":[{"name":"wp","href":"https:\/\/api.w.org\/{rel}","templated":true}]}}