{"id":16800,"date":"2023-07-19T09:11:20","date_gmt":"2023-07-19T09:11:20","guid":{"rendered":"https:\/\/coterena.es\/shop\/?post_type=product&#038;p=16800"},"modified":"2023-07-26T05:54:25","modified_gmt":"2023-07-26T05:54:25","slug":"separateur-alfa-laval-mopx-205-2-reconditionne","status":"publish","type":"product","link":"https:\/\/coterena.es\/shop\/separateur-alfa-laval-mopx-205-2-reconditionne\/","title":{"rendered":"S\u00e9parateur Alfa Laval MOPX 205"},"content":{"rendered":"<p>S\u00e9parateur Alfa Laval MOPX 205 . Reaconditionn\u00e9<\/p>\n<p>Mod\u00e9le: MOPX 205<\/p>\n<p>Fr\u00e9quence: 50Hz<\/p>\n","protected":false},"excerpt":{"rendered":"<p>S\u00e9parateur Alfa Laval MOPX 205 . Reaconditionn\u00e9 Mod\u00e9le: MOPX 205 Fr\u00e9quence: 50Hz<\/p>\n","protected":false},"featured_media":16725,"template":"","meta":[],"product_cat":[6257],"product_tag":[],"modelo":[],"acf":[],"lang":"fr","translations":{"fr":16800,"en":16799,"es":16722},"pll_sync_post":[],"_links":{"self":[{"href":"https:\/\/coterena.es\/shop\/wp-json\/wp\/v2\/product\/16800"}],"collection":[{"href":"https:\/\/coterena.es\/shop\/wp-json\/wp\/v2\/product"}],"about":[{"href":"https:\/\/coterena.es\/shop\/wp-json\/wp\/v2\/types\/product"}],"wp:featuredmedia":[{"embeddable":true,"href":"https:\/\/coterena.es\/shop\/wp-json\/wp\/v2\/media\/16725"}],"wp:attachment":[{"href":"https:\/\/coterena.es\/shop\/wp-json\/wp\/v2\/media?parent=16800"}],"wp:term":[{"taxonomy":"product_cat","embeddable":true,"href":"https:\/\/coterena.es\/shop\/wp-json\/wp\/v2\/product_cat?post=16800"},{"taxonomy":"product_tag","embeddable":true,"href":"https:\/\/coterena.es\/shop\/wp-json\/wp\/v2\/product_tag?post=16800"},{"taxonomy":"modelo","embeddable":true,"href":"https:\/\/coterena.es\/shop\/wp-json\/wp\/v2\/modelo?post=16800"}],"curies":[{"name":"wp","href":"https:\/\/api.w.org\/{rel}","templated":true}]}}