{"id":16819,"date":"2023-07-20T08:16:23","date_gmt":"2023-07-20T08:16:23","guid":{"rendered":"https:\/\/coterena.es\/shop\/?post_type=product&#038;p=16819"},"modified":"2023-08-01T06:41:28","modified_gmt":"2023-08-01T06:41:28","slug":"arbre-a-cames-caterpillar-doccasion","status":"publish","type":"product","link":"https:\/\/coterena.es\/shop\/arbre-a-cames-caterpillar-doccasion\/","title":{"rendered":"Arbre \u00e0 cames Caterpillar"},"content":{"rendered":"<p>Arbre \u00e0 cames Caterpillar. D\u00b4ocassion<\/p>\n<p>Compos\u00e9 de deux sections:<\/p>\n<p><strong>Premi\u00e8re section.<\/strong> Num\u00e9ro de pi\u00e8ces:<\/p>\n<p>139-8581+139-8583,<\/p>\n<p><strong>Deuxi\u00e8me section.<\/strong> Num\u00e9ro de pi\u00e8ces:<\/p>\n<p>139-8579+139-8584<\/p>\n","protected":false},"excerpt":{"rendered":"<p>Arbre \u00e0 cames Caterpillar. D\u00b4ocassion Compos\u00e9 de deux sections: Premi\u00e8re section. Num\u00e9ro de pi\u00e8ces: 139-8581+139-8583, Deuxi\u00e8me section. Num\u00e9ro de pi\u00e8ces: 139-8579+139-8584<\/p>\n","protected":false},"featured_media":16767,"template":"","meta":[],"product_cat":[6939,6273],"product_tag":[],"modelo":[],"acf":[],"lang":"fr","translations":{"fr":16819,"en":16818,"es":16764},"pll_sync_post":[],"_links":{"self":[{"href":"https:\/\/coterena.es\/shop\/wp-json\/wp\/v2\/product\/16819"}],"collection":[{"href":"https:\/\/coterena.es\/shop\/wp-json\/wp\/v2\/product"}],"about":[{"href":"https:\/\/coterena.es\/shop\/wp-json\/wp\/v2\/types\/product"}],"wp:featuredmedia":[{"embeddable":true,"href":"https:\/\/coterena.es\/shop\/wp-json\/wp\/v2\/media\/16767"}],"wp:attachment":[{"href":"https:\/\/coterena.es\/shop\/wp-json\/wp\/v2\/media?parent=16819"}],"wp:term":[{"taxonomy":"product_cat","embeddable":true,"href":"https:\/\/coterena.es\/shop\/wp-json\/wp\/v2\/product_cat?post=16819"},{"taxonomy":"product_tag","embeddable":true,"href":"https:\/\/coterena.es\/shop\/wp-json\/wp\/v2\/product_tag?post=16819"},{"taxonomy":"modelo","embeddable":true,"href":"https:\/\/coterena.es\/shop\/wp-json\/wp\/v2\/modelo?post=16819"}],"curies":[{"name":"wp","href":"https:\/\/api.w.org\/{rel}","templated":true}]}}