{"id":16913,"date":"2023-08-23T06:08:45","date_gmt":"2023-08-23T06:08:45","guid":{"rendered":"https:\/\/coterena.es\/shop\/?post_type=product&#038;p=16913"},"modified":"2023-08-25T05:26:00","modified_gmt":"2023-08-25T05:26:00","slug":"pompe-a-huile-caterpillar-4p-5638","status":"publish","type":"product","link":"https:\/\/coterena.es\/shop\/pompe-a-huile-caterpillar-4p-5638\/","title":{"rendered":"Pompe \u00e0 huile Caterpillar 4P-5638"},"content":{"rendered":"<p>Pompe \u00e0 huile Caterpillar 4P-5638. Reconditionn\u00e9<\/p>\n<p>Pompe \u00e0 huile pour moteurs Caterpillar 3500.<\/p>\n<p>Num\u00e9ro de pi\u00e8ce: 4P-5638<\/p>\n","protected":false},"excerpt":{"rendered":"<p>Pompe \u00e0 huile Caterpillar 4P-5638. Reconditionn\u00e9 Pompe \u00e0 huile pour moteurs Caterpillar 3500. Num\u00e9ro de pi\u00e8ce: 4P-5638<\/p>\n","protected":false},"featured_media":16834,"template":"","meta":[],"product_cat":[6273,6249],"product_tag":[],"modelo":[],"acf":[],"lang":"fr","translations":{"fr":16913,"en":16912,"es":16825},"pll_sync_post":[],"_links":{"self":[{"href":"https:\/\/coterena.es\/shop\/wp-json\/wp\/v2\/product\/16913"}],"collection":[{"href":"https:\/\/coterena.es\/shop\/wp-json\/wp\/v2\/product"}],"about":[{"href":"https:\/\/coterena.es\/shop\/wp-json\/wp\/v2\/types\/product"}],"wp:featuredmedia":[{"embeddable":true,"href":"https:\/\/coterena.es\/shop\/wp-json\/wp\/v2\/media\/16834"}],"wp:attachment":[{"href":"https:\/\/coterena.es\/shop\/wp-json\/wp\/v2\/media?parent=16913"}],"wp:term":[{"taxonomy":"product_cat","embeddable":true,"href":"https:\/\/coterena.es\/shop\/wp-json\/wp\/v2\/product_cat?post=16913"},{"taxonomy":"product_tag","embeddable":true,"href":"https:\/\/coterena.es\/shop\/wp-json\/wp\/v2\/product_tag?post=16913"},{"taxonomy":"modelo","embeddable":true,"href":"https:\/\/coterena.es\/shop\/wp-json\/wp\/v2\/modelo?post=16913"}],"curies":[{"name":"wp","href":"https:\/\/api.w.org\/{rel}","templated":true}]}}