{"id":16915,"date":"2023-08-23T06:20:42","date_gmt":"2023-08-23T06:20:42","guid":{"rendered":"https:\/\/coterena.es\/shop\/?post_type=product&#038;p=16915"},"modified":"2023-08-25T05:33:46","modified_gmt":"2023-08-25T05:33:46","slug":"refroidisseur-dhuile-caterpillar-4w-4980","status":"publish","type":"product","link":"https:\/\/coterena.es\/shop\/refroidisseur-dhuile-caterpillar-4w-4980\/","title":{"rendered":"Refroidisseur d\u00b4huile Caterpillar 4W-4980"},"content":{"rendered":"<p>Refroidisseur d&#8217;huile Caterpillar 4W-4980. Reconditionn\u00e9<\/p>\n<p>Refroidisseur d&#8217;huile complet Caterpillar 4W-4980. Comprend la r\u00e9f\u00e9rence 4W-5892<\/p>\n<p>Num\u00e9ro de pi\u00e8ce: 4W-4980<\/p>\n","protected":false},"excerpt":{"rendered":"<p>Refroidisseur d&#8217;huile Caterpillar 4W-4980. Reconditionn\u00e9 Refroidisseur d&#8217;huile complet Caterpillar 4W-4980. Comprend la r\u00e9f\u00e9rence 4W-5892 Num\u00e9ro de pi\u00e8ce: 4W-4980<\/p>\n","protected":false},"featured_media":16850,"template":"","meta":[],"product_cat":[6265,6909],"product_tag":[],"modelo":[],"acf":[],"lang":"fr","translations":{"fr":16915,"en":16914,"es":16838},"pll_sync_post":[],"_links":{"self":[{"href":"https:\/\/coterena.es\/shop\/wp-json\/wp\/v2\/product\/16915"}],"collection":[{"href":"https:\/\/coterena.es\/shop\/wp-json\/wp\/v2\/product"}],"about":[{"href":"https:\/\/coterena.es\/shop\/wp-json\/wp\/v2\/types\/product"}],"wp:featuredmedia":[{"embeddable":true,"href":"https:\/\/coterena.es\/shop\/wp-json\/wp\/v2\/media\/16850"}],"wp:attachment":[{"href":"https:\/\/coterena.es\/shop\/wp-json\/wp\/v2\/media?parent=16915"}],"wp:term":[{"taxonomy":"product_cat","embeddable":true,"href":"https:\/\/coterena.es\/shop\/wp-json\/wp\/v2\/product_cat?post=16915"},{"taxonomy":"product_tag","embeddable":true,"href":"https:\/\/coterena.es\/shop\/wp-json\/wp\/v2\/product_tag?post=16915"},{"taxonomy":"modelo","embeddable":true,"href":"https:\/\/coterena.es\/shop\/wp-json\/wp\/v2\/modelo?post=16915"}],"curies":[{"name":"wp","href":"https:\/\/api.w.org\/{rel}","templated":true}]}}