{"id":5779,"date":"2022-05-10T07:38:28","date_gmt":"2022-05-10T07:38:28","guid":{"rendered":"https:\/\/coterena.es\/shop\/?post_type=product&#038;p=5779"},"modified":"2023-04-11T11:48:33","modified_gmt":"2023-04-11T11:48:33","slug":"filtro-de-aire-motor-wartsila-2","status":"publish","type":"product","link":"https:\/\/coterena.es\/shop\/filtro-de-aire-motor-wartsila-2\/","title":{"rendered":"Filtro de Aire Motor W\u00e4rtsil\u00e4"},"content":{"rendered":"<p>Filtro de Aire Motor W\u00e4RTSIL\u00c4. Reacondicionado<\/p>\n<p>Base 32<\/p>\n","protected":false},"excerpt":{"rendered":"<p>Filtro de Aire Motor W\u00e4RTSIL\u00c4. Reacondicionado Base 32<\/p>\n","protected":false},"featured_media":5780,"template":"","meta":[],"product_cat":[34,6080],"product_tag":[],"modelo":[],"acf":[],"lang":"es","translations":{"es":5779,"en":10410,"fr":10414},"pll_sync_post":[],"_links":{"self":[{"href":"https:\/\/coterena.es\/shop\/wp-json\/wp\/v2\/product\/5779"}],"collection":[{"href":"https:\/\/coterena.es\/shop\/wp-json\/wp\/v2\/product"}],"about":[{"href":"https:\/\/coterena.es\/shop\/wp-json\/wp\/v2\/types\/product"}],"wp:featuredmedia":[{"embeddable":true,"href":"https:\/\/coterena.es\/shop\/wp-json\/wp\/v2\/media\/5780"}],"wp:attachment":[{"href":"https:\/\/coterena.es\/shop\/wp-json\/wp\/v2\/media?parent=5779"}],"wp:term":[{"taxonomy":"product_cat","embeddable":true,"href":"https:\/\/coterena.es\/shop\/wp-json\/wp\/v2\/product_cat?post=5779"},{"taxonomy":"product_tag","embeddable":true,"href":"https:\/\/coterena.es\/shop\/wp-json\/wp\/v2\/product_tag?post=5779"},{"taxonomy":"modelo","embeddable":true,"href":"https:\/\/coterena.es\/shop\/wp-json\/wp\/v2\/modelo?post=5779"}],"curies":[{"name":"wp","href":"https:\/\/api.w.org\/{rel}","templated":true}]}}