{"id":6151,"date":"2022-06-13T08:50:43","date_gmt":"2022-06-13T08:50:43","guid":{"rendered":"https:\/\/coterena.es\/shop\/?post_type=product&#038;p=6151"},"modified":"2023-04-10T05:22:20","modified_gmt":"2023-04-10T05:22:20","slug":"tacometro-electrico-caterpillar-197-7348","status":"publish","type":"product","link":"https:\/\/coterena.es\/shop\/tacometro-electrico-caterpillar-197-7348\/","title":{"rendered":"Tac\u00f3metro El\u00e9ctrico Caterpillar 197-7348"},"content":{"rendered":"<p>Tac\u00f3metro el\u00e9ctrico CATERPILLAR 197-7348. Nuevo<\/p>\n<p>Referencia: 197-7348<\/p>\n","protected":false},"excerpt":{"rendered":"<p>Tac\u00f3metro el\u00e9ctrico CATERPILLAR 197-7348. Nuevo Referencia: 197-7348<\/p>\n","protected":false},"featured_media":14433,"template":"","meta":[],"product_cat":[6106,34],"product_tag":[],"modelo":[],"acf":[],"lang":"es","translations":{"es":6151,"en":9858,"fr":9862},"pll_sync_post":[],"_links":{"self":[{"href":"https:\/\/coterena.es\/shop\/wp-json\/wp\/v2\/product\/6151"}],"collection":[{"href":"https:\/\/coterena.es\/shop\/wp-json\/wp\/v2\/product"}],"about":[{"href":"https:\/\/coterena.es\/shop\/wp-json\/wp\/v2\/types\/product"}],"wp:featuredmedia":[{"embeddable":true,"href":"https:\/\/coterena.es\/shop\/wp-json\/wp\/v2\/media\/14433"}],"wp:attachment":[{"href":"https:\/\/coterena.es\/shop\/wp-json\/wp\/v2\/media?parent=6151"}],"wp:term":[{"taxonomy":"product_cat","embeddable":true,"href":"https:\/\/coterena.es\/shop\/wp-json\/wp\/v2\/product_cat?post=6151"},{"taxonomy":"product_tag","embeddable":true,"href":"https:\/\/coterena.es\/shop\/wp-json\/wp\/v2\/product_tag?post=6151"},{"taxonomy":"modelo","embeddable":true,"href":"https:\/\/coterena.es\/shop\/wp-json\/wp\/v2\/modelo?post=6151"}],"curies":[{"name":"wp","href":"https:\/\/api.w.org\/{rel}","templated":true}]}}