{"id":8538,"date":"2022-07-22T06:35:53","date_gmt":"2022-07-22T06:35:53","guid":{"rendered":"https:\/\/coterena.es\/shop\/?post_type=product&#038;p=7964"},"modified":"2023-05-03T06:26:10","modified_gmt":"2023-05-03T06:26:10","slug":"national-instruments-pxie-1071-fr","status":"publish","type":"product","link":"https:\/\/coterena.es\/shop\/national-instruments-pxie-1071-fr\/","title":{"rendered":"National Instruments PXIe-1071"},"content":{"rendered":"<p>Le mod\u00e8le de ch\u00e2ssis National Instruments PXIe-1071 est un instrument con\u00e7u pour une large gamme d&#8217;applications de test et de mesure. Ce mod\u00e8le est dot\u00e9 d&#8217;un panneau arri\u00e8re \u00e0 large bande passante. Sa conception compacte et l\u00e9g\u00e8re permet de minimiser l&#8217;encombrement des installations, ce qui le rend adapt\u00e9 aux environnements portables ou de bureau. L&#8217;appareil dispose d&#8217;une bande passante maximale de 3 Go par seconde.<\/p>\n<p>National Instruments PXIe-1071. Nouveau<\/p>\n<p>Mod\u00e8le : PXIe-1071<\/p>\n","protected":false},"excerpt":{"rendered":"<p>Le mod\u00e8le de ch\u00e2ssis National Instruments PXIe-1071 est un instrument con\u00e7u pour une large gamme d&#8217;applications de test et de mesure. Ce mod\u00e8le est dot\u00e9 d&#8217;un panneau arri\u00e8re \u00e0 large bande passante. Sa conception compacte et l\u00e9g\u00e8re permet de minimiser l&#8217;encombrement des installations, ce qui le rend adapt\u00e9 aux environnements portables ou de bureau. L&#8217;appareil [&hellip;]<\/p>\n","protected":false},"featured_media":15898,"template":"","meta":[],"product_cat":[6929,6281],"product_tag":[],"modelo":[],"acf":[],"lang":"fr","translations":{"fr":8538,"es":7964,"en":8537},"pll_sync_post":[],"_links":{"self":[{"href":"https:\/\/coterena.es\/shop\/wp-json\/wp\/v2\/product\/8538"}],"collection":[{"href":"https:\/\/coterena.es\/shop\/wp-json\/wp\/v2\/product"}],"about":[{"href":"https:\/\/coterena.es\/shop\/wp-json\/wp\/v2\/types\/product"}],"wp:featuredmedia":[{"embeddable":true,"href":"https:\/\/coterena.es\/shop\/wp-json\/wp\/v2\/media\/15898"}],"wp:attachment":[{"href":"https:\/\/coterena.es\/shop\/wp-json\/wp\/v2\/media?parent=8538"}],"wp:term":[{"taxonomy":"product_cat","embeddable":true,"href":"https:\/\/coterena.es\/shop\/wp-json\/wp\/v2\/product_cat?post=8538"},{"taxonomy":"product_tag","embeddable":true,"href":"https:\/\/coterena.es\/shop\/wp-json\/wp\/v2\/product_tag?post=8538"},{"taxonomy":"modelo","embeddable":true,"href":"https:\/\/coterena.es\/shop\/wp-json\/wp\/v2\/modelo?post=8538"}],"curies":[{"name":"wp","href":"https:\/\/api.w.org\/{rel}","templated":true}]}}