{"id":8745,"date":"2022-05-06T08:38:36","date_gmt":"2022-05-06T08:38:36","guid":{"rendered":"https:\/\/coterena.es\/shop\/?post_type=product&#038;p=5687"},"modified":"2023-04-12T07:45:12","modified_gmt":"2023-04-12T07:45:12","slug":"air-cooler-ramon-vizcaino","status":"publish","type":"product","link":"https:\/\/coterena.es\/shop\/air-cooler-ramon-vizcaino\/","title":{"rendered":"Air Cooler Ram\u00f3n Vizca\u00edno"},"content":{"rendered":"<p>Air Cooler RAM\u00d3N VIZCA\u00cdNO. Reconditioned.<\/p>\n<p>Compatible with DEUTZ 350 port and starboard engine .<\/p>\n<p>Cooling surface: 92m2<\/p>\n<p>Includes: Hoppers and gaskets for hoppers.<\/p>\n<p>Reference. Hoppers:<\/p>\n<p>02917015<\/p>\n<p>02917018<\/p>\n","protected":false},"excerpt":{"rendered":"<p>Air Cooler RAM\u00d3N VIZCA\u00cdNO. Reconditioned. Compatible with DEUTZ 350 port and starboard engine . Cooling surface: 92m2 Includes: Hoppers and gaskets for hoppers. Reference. Hoppers: 02917015 02917018<\/p>\n","protected":false},"featured_media":8746,"template":"","meta":[],"product_cat":[6985,6271],"product_tag":[],"modelo":[],"acf":[],"lang":"en","translations":{"en":8745,"es":5687,"fr":8750},"pll_sync_post":[],"_links":{"self":[{"href":"https:\/\/coterena.es\/shop\/wp-json\/wp\/v2\/product\/8745"}],"collection":[{"href":"https:\/\/coterena.es\/shop\/wp-json\/wp\/v2\/product"}],"about":[{"href":"https:\/\/coterena.es\/shop\/wp-json\/wp\/v2\/types\/product"}],"wp:featuredmedia":[{"embeddable":true,"href":"https:\/\/coterena.es\/shop\/wp-json\/wp\/v2\/media\/8746"}],"wp:attachment":[{"href":"https:\/\/coterena.es\/shop\/wp-json\/wp\/v2\/media?parent=8745"}],"wp:term":[{"taxonomy":"product_cat","embeddable":true,"href":"https:\/\/coterena.es\/shop\/wp-json\/wp\/v2\/product_cat?post=8745"},{"taxonomy":"product_tag","embeddable":true,"href":"https:\/\/coterena.es\/shop\/wp-json\/wp\/v2\/product_tag?post=8745"},{"taxonomy":"modelo","embeddable":true,"href":"https:\/\/coterena.es\/shop\/wp-json\/wp\/v2\/modelo?post=8745"}],"curies":[{"name":"wp","href":"https:\/\/api.w.org\/{rel}","templated":true}]}}