{"id":8966,"date":"2022-08-02T07:45:37","date_gmt":"2022-08-02T07:45:37","guid":{"rendered":"https:\/\/coterena.es\/shop\/?post_type=product&#038;p=8966"},"modified":"2023-04-11T11:58:28","modified_gmt":"2023-04-11T11:58:28","slug":"pinon-distribucion-deutz-528-10","status":"publish","type":"product","link":"https:\/\/coterena.es\/shop\/pinon-distribucion-deutz-528-10\/","title":{"rendered":"Pi\u00f1\u00f3n Distribuci\u00f3n Deutz 528 (Pos. 10)"},"content":{"rendered":"<p>Pi\u00f1\u00f3n de distribuci\u00f3n DEUTZ 528. Reacondicionado<\/p>\n<p>Modelo: 528<\/p>\n<p>Referencia:02067040<\/p>\n<p>Posici\u00f3n 10<\/p>\n","protected":false},"excerpt":{"rendered":"<p>Pi\u00f1\u00f3n de distribuci\u00f3n DEUTZ 528. Reacondicionado Modelo: 528 Referencia:02067040 Posici\u00f3n 10<\/p>\n","protected":false},"featured_media":8967,"template":"","meta":[],"product_cat":[75],"product_tag":[],"modelo":[],"acf":[],"lang":"es","translations":{"es":8966,"en":9616,"fr":9617},"pll_sync_post":[],"_links":{"self":[{"href":"https:\/\/coterena.es\/shop\/wp-json\/wp\/v2\/product\/8966"}],"collection":[{"href":"https:\/\/coterena.es\/shop\/wp-json\/wp\/v2\/product"}],"about":[{"href":"https:\/\/coterena.es\/shop\/wp-json\/wp\/v2\/types\/product"}],"wp:featuredmedia":[{"embeddable":true,"href":"https:\/\/coterena.es\/shop\/wp-json\/wp\/v2\/media\/8967"}],"wp:attachment":[{"href":"https:\/\/coterena.es\/shop\/wp-json\/wp\/v2\/media?parent=8966"}],"wp:term":[{"taxonomy":"product_cat","embeddable":true,"href":"https:\/\/coterena.es\/shop\/wp-json\/wp\/v2\/product_cat?post=8966"},{"taxonomy":"product_tag","embeddable":true,"href":"https:\/\/coterena.es\/shop\/wp-json\/wp\/v2\/product_tag?post=8966"},{"taxonomy":"modelo","embeddable":true,"href":"https:\/\/coterena.es\/shop\/wp-json\/wp\/v2\/modelo?post=8966"}],"curies":[{"name":"wp","href":"https:\/\/api.w.org\/{rel}","templated":true}]}}