{"id":9421,"date":"2022-08-02T10:08:54","date_gmt":"2022-08-02T10:08:54","guid":{"rendered":"https:\/\/coterena.es\/shop\/?post_type=product&#038;p=9060"},"modified":"2023-04-12T11:34:29","modified_gmt":"2023-04-12T11:34:29","slug":"filtre-a-carburant-luber-finer-lff-3501","status":"publish","type":"product","link":"https:\/\/coterena.es\/shop\/filtre-a-carburant-luber-finer-lff-3501\/","title":{"rendered":"Filtre \u00e0 carburant Luber-Finer LFF-3501"},"content":{"rendered":"<p>Filtre \u00e0 carburant LUBER-FINER LFF-3501. Nouveau<\/p>\n<p>Num\u00e9ro de pi\u00e8ce : LFF-3501<\/p>\n","protected":false},"excerpt":{"rendered":"<p>Filtre \u00e0 carburant LUBER-FINER LFF-3501. Nouveau Num\u00e9ro de pi\u00e8ce : LFF-3501<\/p>\n","protected":false},"featured_media":9065,"template":"","meta":[],"product_cat":[6273,6281],"product_tag":[],"modelo":[],"acf":[],"lang":"fr","translations":{"fr":9421,"es":9060,"en":9420},"pll_sync_post":[],"_links":{"self":[{"href":"https:\/\/coterena.es\/shop\/wp-json\/wp\/v2\/product\/9421"}],"collection":[{"href":"https:\/\/coterena.es\/shop\/wp-json\/wp\/v2\/product"}],"about":[{"href":"https:\/\/coterena.es\/shop\/wp-json\/wp\/v2\/types\/product"}],"wp:featuredmedia":[{"embeddable":true,"href":"https:\/\/coterena.es\/shop\/wp-json\/wp\/v2\/media\/9065"}],"wp:attachment":[{"href":"https:\/\/coterena.es\/shop\/wp-json\/wp\/v2\/media?parent=9421"}],"wp:term":[{"taxonomy":"product_cat","embeddable":true,"href":"https:\/\/coterena.es\/shop\/wp-json\/wp\/v2\/product_cat?post=9421"},{"taxonomy":"product_tag","embeddable":true,"href":"https:\/\/coterena.es\/shop\/wp-json\/wp\/v2\/product_tag?post=9421"},{"taxonomy":"modelo","embeddable":true,"href":"https:\/\/coterena.es\/shop\/wp-json\/wp\/v2\/modelo?post=9421"}],"curies":[{"name":"wp","href":"https:\/\/api.w.org\/{rel}","templated":true}]}}