{"id":9500,"date":"2022-08-03T06:32:37","date_gmt":"2022-08-03T06:32:37","guid":{"rendered":"https:\/\/coterena.es\/shop\/?post_type=product&#038;p=9122"},"modified":"2023-04-13T08:39:03","modified_gmt":"2023-04-13T08:39:03","slug":"pre-filtre-a-huiler-pour-moteur-deutz-358","status":"publish","type":"product","link":"https:\/\/coterena.es\/shop\/pre-filtre-a-huiler-pour-moteur-deutz-358\/","title":{"rendered":"Pr\u00e9-filtre \u00e0 huiler pour moteur Deutz 358"},"content":{"rendered":"<p>Pr\u00e9filtre \u00e0 huile pour moteur Deutz 358. Reconditionn\u00e9<\/p>\n","protected":false},"excerpt":{"rendered":"<p>Pr\u00e9filtre \u00e0 huile pour moteur Deutz 358. Reconditionn\u00e9<\/p>\n","protected":false},"featured_media":9125,"template":"","meta":[],"product_cat":[6273,6281],"product_tag":[],"modelo":[],"acf":[],"lang":"fr","translations":{"fr":9500,"es":9122,"en":9499},"pll_sync_post":[],"_links":{"self":[{"href":"https:\/\/coterena.es\/shop\/wp-json\/wp\/v2\/product\/9500"}],"collection":[{"href":"https:\/\/coterena.es\/shop\/wp-json\/wp\/v2\/product"}],"about":[{"href":"https:\/\/coterena.es\/shop\/wp-json\/wp\/v2\/types\/product"}],"wp:featuredmedia":[{"embeddable":true,"href":"https:\/\/coterena.es\/shop\/wp-json\/wp\/v2\/media\/9125"}],"wp:attachment":[{"href":"https:\/\/coterena.es\/shop\/wp-json\/wp\/v2\/media?parent=9500"}],"wp:term":[{"taxonomy":"product_cat","embeddable":true,"href":"https:\/\/coterena.es\/shop\/wp-json\/wp\/v2\/product_cat?post=9500"},{"taxonomy":"product_tag","embeddable":true,"href":"https:\/\/coterena.es\/shop\/wp-json\/wp\/v2\/product_tag?post=9500"},{"taxonomy":"modelo","embeddable":true,"href":"https:\/\/coterena.es\/shop\/wp-json\/wp\/v2\/modelo?post=9500"}],"curies":[{"name":"wp","href":"https:\/\/api.w.org\/{rel}","templated":true}]}}