{"id":9519,"date":"2022-08-04T07:34:04","date_gmt":"2022-08-04T07:34:04","guid":{"rendered":"https:\/\/coterena.es\/shop\/?post_type=product&#038;p=9389"},"modified":"2023-04-10T07:28:04","modified_gmt":"2023-04-10T07:28:04","slug":"separateur-westfalia","status":"publish","type":"product","link":"https:\/\/coterena.es\/shop\/separateur-westfalia\/","title":{"rendered":"S\u00e9parateur WESTFALIA"},"content":{"rendered":"<p>Station d&#8217;\u00e9puration de WESTFALIA. Utilis\u00e9<\/p>\n","protected":false},"excerpt":{"rendered":"<p>Station d&#8217;\u00e9puration de WESTFALIA. Utilis\u00e9<\/p>\n","protected":false},"featured_media":9366,"template":"","meta":[],"product_cat":[6257],"product_tag":[],"modelo":[],"acf":[],"lang":"fr","translations":{"fr":9519,"es":9389,"en":9518},"pll_sync_post":[],"_links":{"self":[{"href":"https:\/\/coterena.es\/shop\/wp-json\/wp\/v2\/product\/9519"}],"collection":[{"href":"https:\/\/coterena.es\/shop\/wp-json\/wp\/v2\/product"}],"about":[{"href":"https:\/\/coterena.es\/shop\/wp-json\/wp\/v2\/types\/product"}],"wp:featuredmedia":[{"embeddable":true,"href":"https:\/\/coterena.es\/shop\/wp-json\/wp\/v2\/media\/9366"}],"wp:attachment":[{"href":"https:\/\/coterena.es\/shop\/wp-json\/wp\/v2\/media?parent=9519"}],"wp:term":[{"taxonomy":"product_cat","embeddable":true,"href":"https:\/\/coterena.es\/shop\/wp-json\/wp\/v2\/product_cat?post=9519"},{"taxonomy":"product_tag","embeddable":true,"href":"https:\/\/coterena.es\/shop\/wp-json\/wp\/v2\/product_tag?post=9519"},{"taxonomy":"modelo","embeddable":true,"href":"https:\/\/coterena.es\/shop\/wp-json\/wp\/v2\/modelo?post=9519"}],"curies":[{"name":"wp","href":"https:\/\/api.w.org\/{rel}","templated":true}]}}