{"id":9662,"date":"2022-07-21T10:31:43","date_gmt":"2022-07-21T10:31:43","guid":{"rendered":"https:\/\/coterena.es\/shop\/?post_type=product&#038;p=7920"},"modified":"2023-04-18T12:16:15","modified_gmt":"2023-04-18T12:16:15","slug":"indicateur-de-temperature-noris-pr100","status":"publish","type":"product","link":"https:\/\/coterena.es\/shop\/indicateur-de-temperature-noris-pr100\/","title":{"rendered":"Indicateur de temp\u00e9rature Noris PR100"},"content":{"rendered":"<p>Indicateur de temp\u00e9rature NORIS PR100.<\/p>\n<p>Compatible avec les moteurs MaK.<\/p>\n<p>Mod\u00e8le : PR100<\/p>\n<p>A 900 tours, il d\u00e9livre une puissance de 10 volts<\/p>\n","protected":false},"excerpt":{"rendered":"<p>Indicateur de temp\u00e9rature NORIS PR100. Compatible avec les moteurs MaK. Mod\u00e8le : PR100 A 900 tours, il d\u00e9livre une puissance de 10 volts<\/p>\n","protected":false},"featured_media":15802,"template":"","meta":[],"product_cat":[6929,6281],"product_tag":[],"modelo":[],"acf":[],"lang":"fr","translations":{"fr":9662,"es":7920,"en":9661},"pll_sync_post":[],"_links":{"self":[{"href":"https:\/\/coterena.es\/shop\/wp-json\/wp\/v2\/product\/9662"}],"collection":[{"href":"https:\/\/coterena.es\/shop\/wp-json\/wp\/v2\/product"}],"about":[{"href":"https:\/\/coterena.es\/shop\/wp-json\/wp\/v2\/types\/product"}],"wp:featuredmedia":[{"embeddable":true,"href":"https:\/\/coterena.es\/shop\/wp-json\/wp\/v2\/media\/15802"}],"wp:attachment":[{"href":"https:\/\/coterena.es\/shop\/wp-json\/wp\/v2\/media?parent=9662"}],"wp:term":[{"taxonomy":"product_cat","embeddable":true,"href":"https:\/\/coterena.es\/shop\/wp-json\/wp\/v2\/product_cat?post=9662"},{"taxonomy":"product_tag","embeddable":true,"href":"https:\/\/coterena.es\/shop\/wp-json\/wp\/v2\/product_tag?post=9662"},{"taxonomy":"modelo","embeddable":true,"href":"https:\/\/coterena.es\/shop\/wp-json\/wp\/v2\/modelo?post=9662"}],"curies":[{"name":"wp","href":"https:\/\/api.w.org\/{rel}","templated":true}]}}