{"id":9669,"date":"2022-07-18T06:37:34","date_gmt":"2022-07-18T06:37:34","guid":{"rendered":"https:\/\/coterena.es\/shop\/?post_type=product&#038;p=7434"},"modified":"2023-03-15T07:15:57","modified_gmt":"2023-03-15T07:15:57","slug":"chauffage-a-vapeur-alfa-laval-ehm","status":"publish","type":"product","link":"https:\/\/coterena.es\/shop\/chauffage-a-vapeur-alfa-laval-ehm\/","title":{"rendered":"Chauffage \u00e0 vapeur ALFA LAVAL EHM"},"content":{"rendered":"<p>Chauffage \u00e0 vapeur ALFA LAVAL EHM 40 Kw.<\/p>\n<p>Num\u00e9ro de s\u00e9rie:<\/p>\n<p>1410-18683<\/p>\n<p>1410-18726<\/p>\n<p>1704-20522<\/p>\n<p>1410-18684<\/p>\n","protected":false},"excerpt":{"rendered":"<p>Chauffage \u00e0 vapeur ALFA LAVAL EHM 40 Kw. Num\u00e9ro de s\u00e9rie: 1410-18683 1410-18726 1704-20522 1410-18684<\/p>\n","protected":false},"featured_media":7437,"template":"","meta":[],"product_cat":[6897,6257],"product_tag":[],"modelo":[],"acf":[],"lang":"fr","translations":{"fr":9669,"es":7434,"en":9668},"pll_sync_post":[],"_links":{"self":[{"href":"https:\/\/coterena.es\/shop\/wp-json\/wp\/v2\/product\/9669"}],"collection":[{"href":"https:\/\/coterena.es\/shop\/wp-json\/wp\/v2\/product"}],"about":[{"href":"https:\/\/coterena.es\/shop\/wp-json\/wp\/v2\/types\/product"}],"wp:featuredmedia":[{"embeddable":true,"href":"https:\/\/coterena.es\/shop\/wp-json\/wp\/v2\/media\/7437"}],"wp:attachment":[{"href":"https:\/\/coterena.es\/shop\/wp-json\/wp\/v2\/media?parent=9669"}],"wp:term":[{"taxonomy":"product_cat","embeddable":true,"href":"https:\/\/coterena.es\/shop\/wp-json\/wp\/v2\/product_cat?post=9669"},{"taxonomy":"product_tag","embeddable":true,"href":"https:\/\/coterena.es\/shop\/wp-json\/wp\/v2\/product_tag?post=9669"},{"taxonomy":"modelo","embeddable":true,"href":"https:\/\/coterena.es\/shop\/wp-json\/wp\/v2\/modelo?post=9669"}],"curies":[{"name":"wp","href":"https:\/\/api.w.org\/{rel}","templated":true}]}}